0). Suppose -2*n - k = 2. Is 375/12 - n/(-12) a prime number?
True
Let c(z) = z**3 - 19*z**2 + 9*z + 20. Is c(19) a prime number?
True
Let n = 35 - 20. Suppose 4*b + y - n = 2*y, b + y = 0. Suppose b*w = w + 38. Is w prime?
True
Suppose 3*p + 4*z - 4161 = 0, 4*p + 2*z = z + 5561. Is p composite?
True
Let l(p) = -p**3 + 4*p**2 + p - 2. Let b be l(4). Suppose 0 = 4*f - 6*z + 2*z + 24, b*z - 10 = 0. Let i = 14 + f. Is i a prime number?
True
Let o = -2125 - -3180. Is o composite?
True
Let c = 697 - 434. Is c prime?
True
Let y be (9/2)/((-2)/(-12)). Suppose 4*j - 49 = y. Is j a prime number?
True
Let a(x) = -x**2 + 9*x - 10. Let y be a(8). Is 6/y*(-62)/6 composite?
False
Let p = 2 + 33. Is p prime?
False
Let u be (-2)/(4/6*-1). Let n(m) = u*m**2 - 3*m**2 + 4*m**2 - 9*m + 2*m. Is n(5) a composite number?
True
Let i = -1 + 4. Suppose -l + 97 = 2*h, -l + 0*l + i*h + 97 = 0. Is l a prime number?
True
Let p(s) = s - 4. Let m be p(7). Suppose -607 = -m*g + 158. Suppose -4*u + g = -u. Is u a prime number?
False
Let c = 153 - 79. Suppose -16 + c = q. Is q composite?
True
Let b be (-14 - -1) + (-3 - -4). Let l be b + -2 + (-1 - -1). Is (-38)/l + 2/7 a prime number?
True
Suppose 6*l = -4*l + 890. Is l prime?
True
Let w(r) = 27*r**2 - 8*r - 2. Is w(5) a prime number?
False
Let u = 1707 + -957. Let v = 1135 - u. Suppose -2*k + v = 3*k. Is k a composite number?
True
Let w = 249 + -170. Let a = w - 46. Is a a composite number?
True
Let q(g) = g**3 - g**2 + 1. Let p be q(2). Let l(d) = 3*d**2 - d - 3. Is l(p) composite?
False
Let c(v) = -v**3 - 3*v**2 + 3*v + 1. Let u(l) = 3*l**2 - 3*l. Let r(y) = -3*c(y) - 4*u(y). Let p(i) = -i + 8. Let g be p(6). Is r(g) a prime number?
False
Suppose 0 = -5*b + 640 + 70. Is b composite?
True
Suppose 4*v + 5*z - 18 = 0, -6*v + 2 = -v - 4*z. Let c = 4 - v. Suppose -3*t - 6 = 0, c*x + 3*t = -3*x + 64. Is x a prime number?
False
Let a be (-1428)/(-20) + 3/5. Suppose -a = 2*g - 250. Is g prime?
True
Let d be -13*(4 + 0)/(-4). Let t = d - -40. Is t composite?
False
Let i(c) be the second derivative of 13*c**3/2 + 5*c**2/2 - 3*c. Is i(4) a prime number?
False
Let w = -9 + 11. Suppose 6 = w*t + t. Suppose -4 = 2*u, -n + t*n - 4*u = 90. Is n a composite number?
True
Let s = 337 + -44. Is s a prime number?
True
Let a(l) = l - 4. Let x be a(7). Suppose -u = o - 72, -u + 3*u = x*o - 211. Suppose -4*g + 53 + o = 0. Is g a composite number?
False
Is (-3667)/(-5) + -2 + 36/(-90) composite?
True
Suppose 1 + 7 = -4*h. Let x(p) = -p + 1. Let r(q) = 2*q + 4. Let i(c) = -r(c) + 3*x(c). Is i(h) prime?
False
Suppose -4*q = q - 2545. Is q a composite number?
False
Let g(o) = o**3 + 16*o**2 + 12*o - 11. Is g(-10) composite?
True
Suppose 2*h = 5*h - 6. Suppose -u = -0*u - 2, 172 = h*z - u. Is z prime?
False
Let q(j) be the second derivative of j**7/840 + j**6/45 + j**5/40 + j**4/8 - j**3/3 + j. Let f(b) be the second derivative of q(b). Is f(-7) composite?
False
Suppose 0 = -4*d - 46 + 662. Let v = 237 - d. Is v prime?
True
Let q = 15 - 11. Suppose 4*w - 6*w + 2*s + 20 = 0, 2*w + q*s = 14. Suppose -11 - w = -2*y. Is y a prime number?
False
Let d be 4/30 + (-616)/(-105). Let h be d - 9/(6/2). Is 183 - (2 + 4)/h a prime number?
True
Let v(l) = -1 + 11*l + 1. Is v(11) composite?
True
Let a(d) = -15*d**3 + 6*d**2 - d + 6. Let o(h) = -10*h**3 + 4*h**2 - h + 4. Let p(c) = -5*a(c) + 7*o(c). Is p(5) a prime number?
True
Let i be (2/1 - 2)/(-2). Suppose -4*q - 608 - 452 = i. Is q/(-3) + (-6)/(-9) composite?
False
Is (-1338)/(-7) + 1/(-7) composite?
False
Let n = 1200 - 401. Is n composite?
True
Let s(j) = -j**3 + 11*j**2 + 6*j - 8. Let h be s(12). Let o = 77 - h. Is o a composite number?
False
Let k(l) = -3*l**2 - 5*l - 10. Let r be k(-7). Let d = -48 - r. Suppose 3*s = 12, -d = -4*c + c + s. Is c a prime number?
False
Is (38/(-4))/(15/(-510)) a prime number?
False
Let d = -5 + 9. Suppose -d*g + 6*g = 10. Suppose 0*v + 15 = g*v, 0 = m - v - 120. Is m prime?
False
Suppose 0 = 5*f - 6257 - 1538. Is f a composite number?
False
Let i(p) = 7*p**3 + 3*p + 1. Let f be i(3). Suppose -1649 = -5*z + l - 524, -5*l = z - f. Is z/22 - 6/33 prime?
False
Is 3274/(-4)*(-2 + 0) a composite number?
False
Suppose -86 = -5*z + 109. Let j = -8 + z. Is j a composite number?
False
Suppose 2*s = 12 + 286. Is s a prime number?
True
Let m(n) = -68*n - 37. Is m(-15) composite?
False
Is (4 - -1) + (5 - -1613) prime?
False
Let l = 2 + -7. Let q = 8 + l. Suppose -144 = -q*f - 33. Is f prime?
True
Let z(c) = 26*c**2. Is z(1) prime?
False
Let w = -6 + 2. Let m be (w - -1)/(1/(-1)). Suppose 0 = -c - 2*t + 45, 0 = -m*t - t + 12. Is c composite?
True
Let k = -4 - -9. Suppose 3*p + 1 = c - 2*c, -k*p - 4*c = 4. Suppose p = -6*v + v + 70. Is v prime?
False
Suppose h - 13 = -3*s - 3*h, s = 4*h + 15. Suppose s = 2*z - 15. Is z composite?
False
Let r(x) = 12*x**3 - x**2 - 2*x - 1. Let t be r(-1). Let i(c) = -c - 2. Let g be i(-1). Is ((-267)/t)/(g/(-4)) composite?
False
Let j(q) = 35*q**2 + 4. Is j(-3) a prime number?
False
Let y = 7 + 24. Suppose f = -2*a + y, -4*a + 4*f = -0*a - 92. Is 662/a + (-4)/(-18) prime?
True
Let c = 203 + 516. Is c composite?
False
Suppose 0 = 3*o + 5*c - 2294, -c = -3*o + 1206 + 1082. Is o prime?
False
Suppose -4*r - 5*t = 21, -6*t = -5*r - 3*t - 17. Let d be 2 + 0/3 + -191. Is 3/(-12) + d/r prime?
True
Is ((-58)/2)/(2/(-22)) prime?
False
Let r = -256 - -3549. Is r composite?
True
Let x = 957 + -420. Is x composite?
True
Is ((-1987)/(-4))/(6/24) + 0 a prime number?
True
Let g = -10 + -8. Is 3*-2*267/g prime?
True
Suppose 4*p + 5 = 13. Suppose 0 = -i - 5 - p. Let g(u) = -u**2 - 12*u. Is g(i) prime?
False
Suppose -3*m = -4*b - 25, -3*b - 3 + 0 = 0. Suppose 5*s = m*s - 74. Is s composite?
False
Is (-2 + (-15)/(-10))*(-412)/2 prime?
True
Suppose -3*i + i + 10 = 0. Let k = 76 + 9. Suppose 2*y - k + 8 = -3*o, -i*y + 3*o = -182. Is y a prime number?
True
Is (-2)/(-3) + (-37668)/(-36) prime?
False
Let u = -7 + 11. Suppose -c + 48 = 3*c + 4*y, 66 = u*c - 2*y. Is c prime?
False
Let t = -2 + 4. Let j be (-4932)/(-16) + t/(-8). Suppose 2*u + j = 6*u. Is u a composite number?
True
Let h = 13 + -7. Is (-1)/(-6)*447*h prime?
False
Is 3/4 - (-62344)/32 a prime number?
True
Let g be -1*4/(8/(-10)). Suppose g*i - 2*m = -4*m + 6581, -2*m = 3*i - 3951. Is i composite?
True
Let g(j) = -j**2 + 3*j + 6. Let u be g(-5). Let v = u + 87. Is v a prime number?
True
Let t be 1/((-1)/2*2). Let u be t/3 + 148/12. Is -14*-2*69/u a prime number?
False
Let n(g) = 2*g**3 - 6*g**2 - 2*g - 7. Let t = -20 - -5. Let z = -10 - t. Is n(z) prime?
True
Let v(g) = g + 8. Let a be v(-8). Suppose -2*y = -a*y - 3*h - 48, h - 103 = -5*y. Is y a composite number?
True
Let z = 44 - 37. Is z composite?
False
Suppose -4*b + w + 10 = 0, -2*w + 6*w + 14 = 3*b. Let h(c) = -3*c + 4 + 0 - 5 + 5*c**b. Is h(4) a composite number?
False
Let g(f) = f**3 - 3*f**2 - 6*f - 3. Suppose -z - 1 + 9 = 0. Is g(z) a composite number?
False
Let r(u) = -u**3 + 14*u**2 - 11*u - 3. Let k be r(12). Suppose p + k = -86. Is p/(-2) - 5/10 prime?
False
Suppose 1295 = 5*p - 4*w, 0 = -p - 2*p - 3*w + 804. Is p a composite number?
False
Let m(i) = 6*i**3 - 3*i**2 + 4*i - 6. Is m(3) composite?
True
Let y = 40349 + -28486. Is y composite?
False
Let d = -8 - -12. Suppose v + d*l = 31, -3*v - 2*l + 122 = 9. Is v composite?
True
Suppose x + 3*x - 770 = h, 2 = h. Let k = x - 54. Is k a composite number?
False
Let j(t) be the second derivative of 9*t**3 + 17*t**2/2 - 8*t. Is j(8) a composite number?
False
Suppose 13885 = -23*w + 28*w. Is w a composite number?
False
Let j = -49 - -870. Is j a composite number?
False
Let z be (-24)/14 + (-22)/77. Is 13*4 - (z + 1) a prime number?
True
Is 2 + (-20)/11 - (-22072)/88 a prime number?
True
Suppose 15*h = 7*h + 19288. Is h prime?
True
Let a(z) = -z**2 + 565. Let h be a(0). Suppose h = 5*g - 5*c, 7*g = 2*g - c + 577. Is g composite?
True
Suppose 0*s = -5*s + 5605. Is s composite?
True
Let i(p) = p**2 + 5*p + 3. Let n be i(-5). Let x be 2/(-1) - 8*n. Let r = 49 + x. Is r composite?
False
Suppose -3*m - 2022 = -3*i, -i - 2*m + 1348 = i. Is i composite?
True
Suppose n - 20 + 5 = 0. Suppose -n = -2*i + 13. Is i a composite number?
True
Suppose -n = -2*f - 78, -143 = 3*f + n + 4*n. Let o = 74 + f. Let d = 182 - o. Is d p